26 (base 15) to base 14.
-28
Convert 62 (base 11) to base 14.
4c
Convert -13 (base 7) to base 5.
-20
What is 3 (base 13) in base 14?
3
-111 (base 2) to base 14
-7
1 (base 14) to base 11
1
What is 4 (base 15) in base 12?
4
What is 49 (base 12) in base 3?
2010
30 (base 13) to base 14
2b
Convert 142 (base 10) to base 14.
a2
83 (base 10) to base 2
1010011
Convert 66 (base 10) to base 3.
2110
Convert 11 (base 3) to base 9.
4
What is -90 (base 12) in base 2?
-1101100
What is -412 (base 9) in base 6?
-1315
Convert 4 (base 8) to base 16.
4
Convert -26 (base 12) to base 13.
-24
-11000 (base 2) to base 5
-44
Convert -2 (base 4) to base 14.
-2
Convert 3 (base 14) to base 12.
3
What is 13 (base 11) in base 13?
11
Convert -5d (base 15) to base 3.
-10021
Convert -1 (base 11) to base 12.
-1
Convert -20 (base 7) to base 6.
-22
Convert -110111 (base 2) to base 4.
-313
-12 (base 7) to base 5
-14
-b (base 14) to base 5
-21
Convert 25 (base 10) to base 6.
41
-112 (base 9) to base 10
-92
What is 102 (base 4) in base 6?
30
1 (base 9) to base 11
1
What is 4 (base 7) in base 14?
4
What is 43 (base 10) in base 3?
1121
-62 (base 8) to base 5
-200
-10 (base 16) to base 9
-17
Convert -411 (base 7) to base 15.
-d9
200 (base 4) to base 15
22
Convert -10 (base 8) to base 2.
-1000
20 (base 10) to base 16
14
What is -100111 (base 2) in base 10?
-39
Convert 282 (base 11) to base 12.
238
-1134 (base 5) to base 7
-331
-5 (base 9) to base 8
-5
Convert -1000111 (base 2) to base 13.
-56
Convert -4 (base 12) to base 14.
-4
Convert -353 (base 7) to base 14.
-d3
What is -2 (base 3) in base 7?
-2
What is -2 (base 16) in base 6?
-2
What is 22 (base 13) in base 2?
11100
5 (base 11) to base 10
5
What is 135 (base 8) in base 2?
1011101
What is -111 (base 5) in base 8?
-37
What is 84 (base 14) in base 2?
1110100
What is -38 (base 11) in base 13?
-32
Convert 41 (base 5) to base 2.
10101
What is 2 (base 4) in base 2?
10
Convert 1 (base 4) to base 8.
1
Convert -1000000 (base 2) to base 13.
-4c
What is 3 (base 9) in base 4?
3
What is -11 (base 2) in base 12?
-3
60 (base 13) to base 7
141
Convert -4 (base 16) to base 14.
-4
-2 (base 11) to base 12
-2
Convert -55 (base 6) to base 3.
-1022
-2 (base 8) to base 10
-2
What is -64 (base 11) in base 15?
-4a
What is -d9 (base 15) in base 12?
-150
What is e (base 16) in base 9?
15
234 (base 6) to base 5
334
0 (base 2) to base 15
0
e (base 16) to base 4
32
Convert 1 (base 5) to base 15.
1
1102 (base 4) to base 15
57
1 (base 15) to base 4
1
Convert 3 (base 11) to base 4.
3
What is 1 (base 15) in base 8?
1
What is 107 (base 8) in base 14?
51
What is 2 (base 6) in base 7?
2
What is 4 (base 6) in base 14?
4
-3 (base 16) to base 14
-3
What is 12 (base 14) in base 11?
15
5 (base 15) to base 12
5
What is -4 (base 7) in base 14?
-4
Convert 24 (base 9) to base 2.
10110
What is -1 (base 3) in base 5?
-1
What is 2 (base 4) in base 16?
2
-3a (base 15) to base 11
-50
What is -1111 (base 2) in base 4?
-33
Convert 5 (base 9) to base 10.
5
254 (base 6) to base 5
411
-e (base 16) to base 8
-16
Convert -3 (base 5) to base 4.
-3
Convert -153 (base 6) to base 4.
-1011
2 (base 16) to base 4
2
Convert 4 (base 5) to base 13.
4
What is 1110 (base 3) in base 12?
33
What is b (base 15) in base 3?
102
What is 0 (base 13) in base 11?
0
What is 114 (base 10) in base 2?
1110010
What is 210 (base 3) in base 16?
15
Convert -20 (base 4) to base 15.
-8
Convert -16 (base 8) to base 13.
-11
-3 (base 7) to base 4
-3
What is 3 (base 4) in base 3?
10
114 (base 5) to base 14
26
What is -8 (base 15) in base 5?
-13
What is 209 (base 12) in base 9?
360
100 (base 2) to base 11
4
What is -1 (base 12) in base 4?
-1
What is 203 (base 8) in base 3?
11212
Convert -445 (base 6) to base 9.
-212
-123 (base 13) to base 3
-21100
Convert 1 (base 12) to base 11.
1
What is -6 (base 7) in base 12?
-6
Convert -4 (base 15) to base 3.
-11
11 (base 2) to base 14
3
What is -5 (base 10) in base 3?
-12
Convert 12101 (base 3) to base 10.
145
Convert 11001 (base 2) to base 7.
34
Convert 2 (base 12) to base 7.
2
What is 1 (base 6) in base 10?
1
What is -144 (base 10) in base 16?
-90
Convert -4 (base 14) to base 2.
-100
1113 (base 4) to base 7
153
32 (base 9) to base 11
27
-4 (base 13) to base 12
-4
-1012 (base 3) to base 5
-112
2 (base 3) to base 9
2
-111011 (base 2) to base 5
-214
22 (base 15) to base 8
40
14 (base 5) to base 12
9
Convert 2 (base 6) to base 3.
2
Convert 221 (base 5) to base 3.
2021
What is -1011010 (base 2) in base 15?
-60
What is -2 (base 12) in base 3?
-2
1 (base 13) to base 12
1
What is -26 (base 8) in base 11?
-20
Convert 5 (base 9) to base 8.
5
Convert -1032 (base 7) to base 8.
-556
What is -20002 (base 3) in base 5?
-1124
231 (base 4) to base 2
101101
5 (base 16) to base 12
5
What is 41 (base 9) in base 6?
101
What is -c (base 14) in base 5?
-22
-4 (base 5) to base 12
-4
48 (base 11) to base 5
202
Convert -1001 (base 2) to base 15.
-9
377 (base 9) to base 13
1b1
What is -120 (base 8) in base 15?
-55
1 (base 3) to base 2
1
Convert 1 (base 4) to base 9.
1
Convert 64 (base 13) to base 15.
57
14 (base 7) to base 13
b
What is -4 (base 11) in base 16?
-4
What is 4 (base 7) in base 5?
4
10 (base 14) to base 13
11
255 (base 8) to base 2
10101101
Convert 0 (base 6) to base 13.
0
-13 (base 15) to base 4
-102
13 (base 13) to base 8
20
-27 (base 10) to base 14
-1d
Convert -49 (base 10) to base 16.
-31
Convert -101101 (base 2) to base 15.
-30
What is 90 (base 10) in base 8?
132
Convert -1 (base 7) to base 4.
-1
What is -203 (base 4) in base 10?
-35
What is 16 (base 16) in base 12?
1a
Convert -2022 (base 4) to base 6.
-350
Convert -6b (base 12) to base 2.
-1010011
What is -2 (base 16) in base 2?
-10
-2 (base 3) to base 6
-2
What is -220 (base 6) in base 2?
-1010100
-8 (base 15) to base 13
-8
Convert 36 (base 10) to base 11.
33
46 (base 11) to base 16
32
What is -110 (base 5) in base 9?
-33
-4 (base 6) to base 2
-100
Convert -25 (base 16) to base 4.
-211
Convert -2 (base 6) to base 14.
-2
11 (base 5) to base 7
6
Convert 34a (base 11) to base 5.
3132
Convert -34 (base 12) to base 4.
-220
8 (base 14) to base 13
8
-8c (base 14) to base 2
-1111100
-111 (base 5) to base 3
-1011
What is 7b (base 15) in base 9?
138
What is 7 (base 8) in base 13?
7
What is 13 (base 5) in base 7?
11
What is -35 (base 14) in base 12?
-3b
-58 (base 11) to base 6
-143
-12 (base 3) to base 15
-5
Convert 1111101 (base 2) to base 7.
236
Convert 163 (base 7) to base 16.
5e
What is -1 (base 10) in base 3?
-1
Convert 4 (base 7) to base 5.
4
What is 3 (base 4) in base 9?
3
-12 (base 3) to base 14
-5
-1 (base 7) to base 9
-1
2a (base 14) to base 10
38
-201 (base 6) to base 2
-1001001
-b (base 13) to base 12
-b
Convert -104 (base 7) to base 12.
-45
5 (base 7) to base 6
5
-15 (base 6) to base 5
-21
Convert -2b (base 13) to base 10.
-37
5 (base 8) to base 16
5
What is -3 (base 5) in base 12?
-3
Convert 1221 (base 3) to base 8.
64
31 (base 7) to base 16
16
Convert -76 (base 12) to base 6.
-230
What is -3010 (base 4) in base 9?
-237
What is 3 (base 6) in base 7?
3
What is -141 (base 6) in base 16?
-3d
Convert -a (base 13) to base 10.
-10
What is -18 (base 10) in base 9?
-20
What is -29 (base 13) in base 7?
-50
-76 (base 9) to base 15
-49
-10110101 (base 2) to base 11
-155
What is -101 (base 2) in base 4?
-11
Convert 23 (base 9) to base 4.
111
What is 5 (base 9) in base 3?
12
What is 20 (base 14) in base 15?
1d
3 (base 6) to base 5
3
3 (base 4) to base 13
3
What is 2 (base 16) in base 12?
2
Convert 4 (base 14) to base 10.
4
Convert 104 (base 7) to base 3.
1222
-10 (base 12) to base 7
-15
-69 (base 10) to base 7
-126
What is -11 (base 4) in base 10?
-5
What is 1000 (base 2) in base 3?
22
What is 24 (base 6) in base 3?
121
What is -13 (base 9) in base 8?
-14
Convert 0 (base 6) to base 3.
0
What is 110 (base 2) in base 5?
11
19 (base 16) to base 14
1b
What is 1000 (base 2) in base 11?
8
Convert -4 (base 10) to base 9.
-4
What is 1221 (base 4) in base 12?
89
122 (base 5) to base 15
27
What is -7 (base 8) in base 16?
-7
Convert 0 (base 11) to base 8.
0
-60 (base 15) to base 6
-230
-10000 (base 2) to base 3
-121
-11000 (base 2) to base 8
-30
-55 (base 13) to base 3
-2121
What is -3 (base 8) in base 6?
-3
11 (base 10) to base 11
10
-79 (base 10) to base 8
-